Suppose -3*t - 7 = -2*t. Let a(b) = -b**3 - 5*b**2 + 8*b - 4. Let h be a(t). Suppose h = 3*z - 13. List the prime factors of z.
17
Suppose 11*r = 13*r + 40. Let i = -24 - r. What are the prime factors of ((-11)/2)/(2/i)?
11
What are the prime factors of (58800/(-126))/((-96)/45 + 2)?
2, 5, 7
Let h = 1540 - 1158. List the prime factors of h.
2, 191
Suppose -4*k - 4*p = -624, -5*k - 2*p - 61 = -856. Suppose t - k = -f, 4*f - 513 = -5*t + 290. List the prime factors of t.
3, 53
Let d be (-2)/9 - 114/(-27). Suppose -d*c - 11 - 1 = 0. What are the prime factors of c*(1 + 0) - -7?
2
Let s(r) = -r**3 - 22*r**2 + 64*r + 38. What are the prime factors of s(-25)?
313
Let j = 42 + 187. List the prime factors of j.
229
Let v(h) = h**3 + 2*h**2 - h - 20. Let b be v(0). Let n = 97 + b. List the prime factors of n.
7, 11
Suppose -3*g = -4*u + 851, 3*g - 215 = -u + 6*g. List the prime factors of u.
2, 53
Let n(t) = 259*t**3 + 2*t**2 + 3*t - 9. What are the prime factors of n(2)?
31, 67
Let v = -27 - -29. Suppose v*q = 9*q - 245. List the prime factors of q.
5, 7
Let m = -10 - -12. Let w(p) = 2*p - 12 + 4*p + m*p - 2*p. What are the prime factors of w(6)?
2, 3
Let y be 0 + 80/(-2) + 0. Suppose -c - 3*z = -2*z - 81, -3*z + 9 = 0. Let j = y + c. List the prime factors of j.
2, 19
Let p = -181 - -744. List the prime factors of p.
563
Suppose -5*t + 39 = -4*u, 3*u + 33 = 4*t + t. What are the prime factors of 1 + -4 - (u - 111)?
2, 3, 19
What are the prime factors of 7890/4*(-110)/(-165)?
5, 263
Let p(t) be the first derivative of 12*t - 9/2*t**2 + 1/3*t**3 + 3. List the prime factors of p(10).
2, 11
Let l(y) = 36*y**2 + y - 6. Let r be l(2). Suppose 0 = -4*s + r + 152. List the prime factors of s.
73
Let n(q) = -15*q - 9 + 0 - 10. What are the prime factors of n(-7)?
2, 43
Let c be 1*1/1 + -2. Let m = 38 - c. What are the prime factors of m?
3, 13
Suppose -12 = -3*o - 0*o. Let m be (-1)/(o/36*-3). Suppose -2*l - m*l + 80 = 0. What are the prime factors of l?
2
List the prime factors of ((-12778)/4 - 0)/(1/(-2)).
6389
Let o be (-3)/2 + 3/2. Suppose -2*t - 32 = 3*r - 0*r, o = -2*r + 3*t - 43. Let s(q) = -q**3 - 13*q**2 + 12*q - 17. What are the prime factors of s(r)?
11
Let g = 125 + -75. Let o = g + -15. Suppose o = 3*d + 4*f, -f - 70 = -5*d + 4*f. What are the prime factors of d?
13
Suppose 124*z - 140*z + 46224 = 0. List the prime factors of z.
3, 107
Suppose -19*i - 16*i + 5040 = 0. List the prime factors of i.
2, 3
Let p(u) = 7*u + 14. Let h be p(-2). Suppose 0*l - 4*l + k = -56, h = 5*k. What are the prime factors of l?
2, 7
Let t be 7/(1/(-2)*(-2)/23). What are the prime factors of 24/(-60) - t/(-10)*4?
2
Suppose 0 = 3*o + 8*o + 33. Let l = 104 + o. What are the prime factors of l?
101
Let k(c) = c**2. Let p(t) = 3*t**2 - 9*t + 6. Let l(f) = 2*k(f) - p(f). Suppose 3*n + 7 = -4*a + 17, -5*a = 5*n - 10. List the prime factors of l(a).
2, 7
Suppose 58*o + 1876 = 62*o + 4*q, 4*q + 4 = 0. What are the prime factors of o?
2, 5, 47
Let n be 0/(-2) - ((-10)/2 - 0). Suppose 273 = 8*a - n*a. What are the prime factors of a?
7, 13
Let q be (0 - 5)*41*-1. Suppose 2*l - 5*l + 131 = -p, -5*p - q = -5*l. List the prime factors of l.
3, 5
Let j = -58 + 19. Let x = 17 - j. List the prime factors of x.
2, 7
Let q(h) = -2 - 4*h**2 + 5 + 3*h**2 + 7*h + 7. Let r be q(8). Suppose y - 39 = -r*y. What are the prime factors of y?
13
Let b(j) = 6*j**2 + 3*j. Suppose -3*p = 3, 2*h + 3*p - 9 = 6*p. Let a be 1/(h - 28/8). List the prime factors of b(a).
2, 3
Let w(x) = x**2 - x + 5. Let f be w(0). Suppose 4 = -g + 18. Suppose 2*p - 2*j - 1 = p, f*j = p + g. List the prime factors of p.
11
Let c(f) = 3*f**2 + 7*f + 4. Let k be c(-3). List the prime factors of k/((-1)/(-1 - 2)).
2, 3, 5
Let v be (9*(-8)/(-12))/((-4)/18). List the prime factors of (-2876)/(-36) - 3/v.
2, 5
Let w(x) = 123*x - 3. Let n be w(2). Let k = n + -130. List the prime factors of k.
113
Let d be (-7490)/8 - 20/(-80). Let v be ((-65)/2)/(2/4). What are the prime factors of (-6)/(-10) + d/v?
3, 5
List the prime factors of 18292/24 + 1/(-6).
2, 3, 127
Suppose 4*d = 4*y + 222 + 234, 4*y + 442 = -3*d. Let l = y + 72. Let v = -14 - l. List the prime factors of v.
2, 13
Let v(s) = -s**3 - 11*s**2 - 12*s + 7. Let g be v(-10). Suppose -5*l = 183 + g. Let q = -34 - l. List the prime factors of q.
2
Let j(k) = 2*k**3 - k**2 + 2*k - 1. Let s be j(1). List the prime factors of s/(-3)*(-120)/10.
2
Suppose o + 4 = -36. Let q be (528/o)/(6/40). What are the prime factors of (-2)/11 + (-3448)/q?
3, 13
Let q(h) = 33*h**3 + h**2 + h - 1. Suppose 1 = 3*a - 2. Let r be q(a). Suppose 0 = 3*j + r - 106. List the prime factors of j.
2, 3
List the prime factors of ((-90730)/301)/((-1)/14*2).
2, 5, 211
Let n(d) = 17*d - 108. What are the prime factors of n(21)?
3, 83
Suppose -1579 - 1641 = -2*i. What are the prime factors of i?
2, 5, 7, 23
Suppose 5*r + 30 = y - 0*y, 2*r = -2*y. Suppose 2*o = 0, 0*q = -2*q + y*o + 44. What are the prime factors of q?
2, 11
Suppose 3*l + h - 1872 = -2*h, 2*h - 6 = 0. What are the prime factors of l?
3, 23
Let o(q) = q**3 + 5*q**2 - 5*q + 3. Suppose -15 = -v + 5*i, -i = v - 4*i - 11. Suppose -v*g - 11 = 14. List the prime factors of o(g).
2, 7
Let q(o) be the first derivative of -o**4 - 3*o - 7. Let s(u) = 5*u**3 - u**2 + 4. Let c(t) = 4*q(t) + 3*s(t). What are the prime factors of c(-4)?
2
Suppose 2*v - 115 = 49. Suppose 0*j + 2*b = -2*j + 224, -5*b = -j + v. List the prime factors of j.
107
Suppose -35 = -4*l + 3*o, l - 2*l = -5*o - 30. Suppose -l*t - 66 + 761 = 0. What are the prime factors of t?
139
Let m(i) = -32*i**3 + 2*i**2 + 6*i + 4. Let v be m(-2). Let n = v + -170. List the prime factors of n.
2, 43
Let c(x) = x**2 + 7*x - 42. List the prime factors of c(30).
2, 3, 89
Let v(r) = -260*r**3 + 2*r**2 - 1. Let s be v(-1). Suppose 208 = 7*h - 3*h + 2*u, 5*h = -2*u + s. List the prime factors of h.
53
Let n = -37 - -98. Suppose f + n = y, 2*y - 3*y + 4*f = -70. What are the prime factors of y?
2, 29
Let h = -12 - -36. Suppose -154 = 17*y - h*y. List the prime factors of y.
2, 11
Let s(y) = -y**2 + 3*y + 2. Let o be s(0). Suppose -5*t - 10 = -3*u, -o*t - 6 = -3*u + t. What are the prime factors of 36*(u - (-4 + 2))?
2, 3
Let u = 23 - 14. Suppose 6*h = u*h - 129. What are the prime factors of h?
43
Let w be 0*(-2)/6 - 0. Suppose 3*v = -w*v. Suppose -5*a = -15, v = -2*k + 5*a + 9 + 10. What are the prime factors of k?
17
Let u be (0/(-1) - 0) + -66. Let f = -5 - u. Suppose 0 = g + 7 - f. List the prime factors of g.
2, 3
Let j be (-10899)/(-28) + 9/12. Suppose -4*o - 2*l = -j, -o - l + 6*l + 81 = 0. List the prime factors of o/30*(-2 + 7).
2
Suppose -b = q - 7, -7 = -2*b - 1. Suppose q*t = -0*t + 88. Let f = 39 - t. List the prime factors of f.
17
Suppose -2 = c + c. Let n(o) = 4*o**3 + 3*o**2 + 6*o - 2. Let u(h) = -h**3 - h + 1. Let v(d) = c*n(d) - 6*u(d). What are the prime factors of v(3)?
23
Let w = 755 + 467. List the prime factors of w.
2, 13, 47
Suppose 5*f + 5 = 0, -5*f + 50 = 4*i - 57. Suppose 14*r = 7*r + i. Suppose -r*s = a - 3*a - 272, 2*a = s - 65. What are the prime factors of s?
3, 23
Let t(d) = 20*d**2 + 9*d + 18. Let w be t(-3). Let n = w - -95. List the prime factors of n.
2, 7, 19
Let f = -66 - -119. Suppose -3*z + 175 = -f. What are the prime factors of z?
2, 19
Let t = 2201 + -1149. What are the prime factors of t?
2, 263
Let f(o) = -18 - 18 + 34 - 60*o. What are the prime factors of f(-4)?
2, 7, 17
Suppose 9 = u - 101. Suppose 4*l - 3*l = -2*c + u, 4*l + 2*c = 410. What are the prime factors of l?
2, 5
Suppose -27 = -4*p + 21. Suppose 3*d = 6*d - 90. Let h = d - p. List the prime factors of h.
2, 3
Suppose 0*k - 2*k + 80 = 0. Let a(y) = -3*y. Let d be a(-1). Suppose 0 = -l - d, 4*u = 4*l + 72 + k. List the prime factors of u.
5
Suppose -14*m + 10*m = 0. Suppose m = 2*f - 4, 5*f - 213 - 13 = -4*p. List the prime factors of p.
2, 3
Let o(u) = -139*u - 2. List the prime factors of o(-2).
2, 3, 23
Let v(y) = 25*y + 2. Let q be v(2). Let j = -28 + q. List the prime factors of j.
2, 3
Let b = 14 + -11. Suppose 0 = -b*y + 5*y - 8. Suppose -a + 19 = -y*r, 2*a + r - 71 + 15 = 0. List the prime factors of a.
3
Let p(b) be the first derivative of 13*b**4/24 - b**3/3 - 2*b**2 + 6. Let m(y) be t